{"id":62,"date":"2022-11-09T12:31:46","date_gmt":"2022-11-09T11:31:46","guid":{"rendered":"https:\/\/veterinape.sk\/?page_id=62"},"modified":"2025-10-10T15:19:29","modified_gmt":"2025-10-10T13:19:29","slug":"kontakt","status":"publish","type":"page","link":"https:\/\/veterinape.sk\/?page_id=62","title":{"rendered":""},"content":{"rendered":"\n<iframe src=\"https:\/\/www.google.com\/maps\/embed?pb=!1m14!1m8!1m3!1d10549.76001746576!2d18.400359!3d48.6205616!3m2!1i1024!2i768!4f13.1!3m3!1m2!1s0x0%3A0xeec596639dafed06!2sMVDr.%20Silvia%20Dosp%C4%9Blov%C3%A1!5e0!3m2!1ssk!2ssk!4v1667993011339!5m2!1ssk!2ssk\" style=\"border:0;\" allowfullscreen=\"\" loading=\"lazy\" referrerpolicy=\"no-referrer-when-downgrade\" width=\"600\" height=\"450\"><\/iframe>\n\n\n\n<h3 class=\"wp-block-heading has-text-align-center has-text-color\" style=\"color:#5f0606\"><strong><\/strong><strong>Adresa:<\/strong><strong><\/strong><\/h3>\n\n\n\n<h3 class=\"wp-block-heading has-text-align-center\"><strong><em>\u0160\u00edpkova 365\/8<\/em><\/strong><\/h3>\n\n\n\n<h3 class=\"wp-block-heading has-text-align-center\"><strong><em>95803 Mal\u00e9 Uherce<\/em><\/strong><\/h3>\n\n\n\n<h3 class=\"wp-block-heading has-text-align-center\"><strong><\/strong><strong>Telef\u00f3nne \u010d\u00edslo:<\/strong><strong><\/strong><\/h3>\n\n\n\n<h3 class=\"wp-block-heading has-text-align-center\"><strong>0908 270 765<\/strong><\/h3>\n\n\n\n<h3 class=\"wp-block-heading has-text-align-center has-text-color\" style=\"color:#3240da\"><strong><\/strong><strong>E-mail:<\/strong><strong><\/strong><\/h3>\n\n\n\n<h3 class=\"wp-block-heading has-text-align-center\"><strong><a href=\"mailto:hurbanovasilvia@gmail.com\">dospelovasilvia@gmail.com<\/a><\/strong><\/h3>\n\n\n\n<h3 class=\"wp-block-heading has-text-align-center has-text-color\" style=\"color:#23b7e5\"><strong>Facebook:<\/strong><\/h3>\n\n\n\n<h3 class=\"wp-block-heading has-text-align-center\"><strong><a href=\"https:\/\/www.facebook.com\/veterinape.dospelovasilvia\">veterinape Dosp\u011blov\u00e1 Silvia<\/a><\/strong><\/h3>\n\n\n\n<h3 class=\"wp-block-heading has-text-align-center has-text-color\" style=\"color:#f17f2d\"><strong><\/strong><strong>Lek\u00e1ri:<\/strong><strong><\/strong><\/h3>\n\n\n\n<h3 class=\"wp-block-heading has-text-align-center\"><strong>&nbsp; &nbsp; &nbsp; &nbsp; MVDr. Silvia Dosp\u011blov\u00e1&nbsp; &nbsp; &nbsp; &nbsp; &nbsp;<\/strong><\/h3>\n\n\n\n<h3 class=\"wp-block-heading has-text-align-center\"><strong>MVDr. Lenka Parcerov\u00e1 (Hanesov\u00e1)<\/strong><\/h3>\n\n\n\n<h3 class=\"wp-block-heading has-text-align-center\"><strong>MVDr. Lenka Gombar\u010d\u00edkov\u00e1<\/strong><\/h3>\n\n\n\n<h3 class=\"wp-block-heading has-text-align-center\"><\/h3>\n\n\n\n<p><\/p>\n\n\n\n<h3 class=\"wp-block-heading has-text-align-center has-light-orange-color has-text-color\">vet. asistentka:<\/h3>\n\n\n\n<h3 class=\"wp-block-heading has-text-align-center\">Bc. Eva Rajnohov\u00e1<\/h3>\n\n\n<div class=\"wp-block-image\">\n<figure class=\"aligncenter size-full is-resized\"><img loading=\"lazy\" decoding=\"async\" width=\"350\" height=\"350\" src=\"https:\/\/veterinape.sk\/wp-content\/uploads\/2022\/11\/dog.gif\" alt=\"\" class=\"wp-image-260\" style=\"width:263px;height:263px\"\/><\/figure><\/div>","protected":false},"excerpt":{"rendered":"<p>Adresa: \u0160\u00edpkova 365\/8 95803 Mal\u00e9 Uherce Telef\u00f3nne \u010d\u00edslo: 0908 270 765 E-mail: dospelovasilvia@gmail.com Facebook: veterinape Dosp\u011blov\u00e1 Silvia Lek\u00e1ri: &nbsp; &nbsp; &nbsp; &nbsp; MVDr. Silvia Dosp\u011blov\u00e1&nbsp; &nbsp; &nbsp; &nbsp; &nbsp; MVDr. Lenka Parcerov\u00e1 (Hanesov\u00e1) MVDr. Lenka Gombar\u010d\u00edkov\u00e1 vet. asistentka: Bc. Eva Rajnohov\u00e1<\/p>\n","protected":false},"author":1,"featured_media":0,"parent":0,"menu_order":0,"comment_status":"closed","ping_status":"closed","template":"","meta":{"_monsterinsights_skip_tracking":false,"_monsterinsights_sitenote_active":false,"_monsterinsights_sitenote_note":"","_monsterinsights_sitenote_category":0,"footnotes":""},"class_list":["post-62","page","type-page","status-publish","hentry"],"_links":{"self":[{"href":"https:\/\/veterinape.sk\/index.php?rest_route=\/wp\/v2\/pages\/62","targetHints":{"allow":["GET"]}}],"collection":[{"href":"https:\/\/veterinape.sk\/index.php?rest_route=\/wp\/v2\/pages"}],"about":[{"href":"https:\/\/veterinape.sk\/index.php?rest_route=\/wp\/v2\/types\/page"}],"author":[{"embeddable":true,"href":"https:\/\/veterinape.sk\/index.php?rest_route=\/wp\/v2\/users\/1"}],"replies":[{"embeddable":true,"href":"https:\/\/veterinape.sk\/index.php?rest_route=%2Fwp%2Fv2%2Fcomments&post=62"}],"version-history":[{"count":6,"href":"https:\/\/veterinape.sk\/index.php?rest_route=\/wp\/v2\/pages\/62\/revisions"}],"predecessor-version":[{"id":435,"href":"https:\/\/veterinape.sk\/index.php?rest_route=\/wp\/v2\/pages\/62\/revisions\/435"}],"wp:attachment":[{"href":"https:\/\/veterinape.sk\/index.php?rest_route=%2Fwp%2Fv2%2Fmedia&parent=62"}],"curies":[{"name":"wp","href":"https:\/\/api.w.org\/{rel}","templated":true}]}}